4*p. Let i be d(p). What is the highest common factor of i and 39?
13
Suppose 2*n = -2*h + 12, -n + 1 + 7 = 2*h. Calculate the highest common divisor of 2 and h.
2
Let u = -25 - -43. Calculate the highest common factor of 126 and u.
18
Suppose 4*l = -7 + 15. Suppose 4 = -f + 4*m, -8 = l*f - 0*f + 2*m. Let a be 7 + 3/((-6)/f). Calculate the highest common divisor of 27 and a.
9
Suppose -y + 54 = 3*u, u - 2*y = 4*u - 54. Let x = 0 - 0. Suppose 0 = -b - x*b + 2. Calculate the highest common factor of u and b.
2
Let d = 10 - 6. Let s = -14 + 16. Suppose -5*f - s = -4*z - 1, -2 = z - 2*f. What is the greatest common divisor of z and d?
4
Let q be (-2)/(1 + 0) + 10. Let k = 5 - q. Let t be (14/k)/((-3)/9). Calculate the highest common divisor of t and 14.
14
Let k(i) = -i - 3. Let d be k(-5). Suppose d*m - 44 = -0*m. Calculate the greatest common factor of 2 and m.
2
Let y = -26 - -27. Calculate the greatest common factor of 5 and y.
1
Suppose 0 = 3*i - 0*w - 2*w + 28, 19 = -4*i - w. Let u(g) = -9*g + 9. Let z be u(i). Calculate the highest common factor of 9 and z.
9
Let q be (-9)/(-3 + 6)*-7. Let z be (-2 + -6)*q/(-12). Calculate the highest common factor of 70 and z.
14
Let k be (-13)/(-2) + (-2)/4. Let g be (2 - k)*(-4 - -1). Let u(a) = a**2 + 3*a - 6. Let m be u(-6). What is the greatest common divisor of m and g?
12
Suppose -2*y - 30 = -3*o, 4*o + 10 = 5*o - 3*y. What is the greatest common factor of o and 20?
10
Let x be 0 + -3 + ((-2)/1 - -31). Calculate the greatest common divisor of x and 208.
26
Let m(b) = -7*b**3 + b**2 - b + 1. Suppose 2*x + 0*x = -4. Let z be m(x). Calculate the highest common divisor of 7 and z.
7
Let i = -3 - -2. Let g be 0/((2 + 0)*i). Suppose g = -0*y - 5*y + 65. What is the greatest common divisor of 65 and y?
13
Suppose 2*l = 3*l. Suppose -4*n = 3*d - 1658, l = d + 3*d - 8. Let q = n + -237. What is the highest common divisor of q and 16?
16
Let u = 512 + -305. Let b be (-3)/7 + 164/7. Calculate the highest common factor of b and u.
23
Suppose -5*s + 315 = -5*a, -s - 8 + 71 = a. Suppose 2*l - 92 = -4*c - 2*l, c - 2*l - 17 = 0. Calculate the highest common divisor of s and c.
21
Let l be (-76)/(-10) + 2/((-30)/9). What is the highest common divisor of l and 21?
7
Let f(o) = -o + 9. Let h be f(6). Let k be (8/(-12))/((-2)/h). Calculate the highest common factor of 4 and k.
1
Let w be (1/2)/((-4)/(-32)). Suppose -g = w*g - 40. What is the highest common divisor of g and 1?
1
Let w be (-3)/(-6)*-2*-3. Suppose -50 = w*j - 155. What is the highest common factor of j and 5?
5
Let u(t) = 78*t + 6. Let q be u(1). Calculate the highest common factor of 56 and q.
28
Suppose -2*k - 3*u + 51 = 3*k, k = -u + 11. What is the greatest common factor of 9 and k?
9
Let y(j) = -j**3 - 9*j**2 + 11*j + 6. Let r be y(-10). Let b be r + 0/(-4) - -8. Calculate the greatest common divisor of b and 6.
2
Suppose 12*r - 80 = 8*r. Calculate the greatest common divisor of 40 and r.
20
Let n be 10/4*(-9 - -5). Let u be (-15)/6*16/n. Let v(m) = -13*m - 3. Let z be v(-3). What is the greatest common factor of z and u?
4
Suppose -x - 4*x = -340. Suppose -d + 44 = -x. What is the greatest common factor of d and 16?
16
Let j = 195 + -129. Let w = j + -42. Suppose -w = -3*p + 3*d, -4*p + 7*p + 4*d - 10 = 0. Calculate the highest common divisor of 18 and p.
6
Let s(h) = -h**3 + 12*h**2 + 14*h - 5. Let v be s(13). Let d = -6 - -11. Let y(r) = 13*r - 1. Let k be y(d). Calculate the greatest common factor of v and k.
8
Suppose -5*a - 4*c + 6*c + 9 = 0, 5*c = 5*a. Let s = a + -9. Let t be (s/5)/((-8)/80). Calculate the highest common divisor of t and 4.
4
Let s(l) = 2*l**2 + l + 2. Let o be s(6). Suppose i + 5*j = -i + 8, -10 = i - j. Let b be (-95)/(-3) + (-2)/i. What is the greatest common divisor of o and b?
16
Let p(s) = 2*s**2 - s - 1. Let o be p(2). What is the highest common factor of 55 and o?
5
Let m = -9 - -12. Suppose 0*k = -5*k + 30. What is the highest common factor of k and m?
3
Let n be ((-10)/6)/((-7)/126). Let x = 12 - 6. What is the greatest common factor of n and x?
6
Let z be 642/8 + -3*(-4)/(-48). What is the highest common factor of 16 and z?
16
Let z(d) be the first derivative of -9*d**2/2 - 6*d - 9. Let g be z(-6). What is the greatest common factor of 6 and g?
6
Suppose 5*f = f + 144. Calculate the greatest common factor of f and 54.
18
Let p be ((-1)/((-2)/(-2)) - 0)*-8. Calculate the highest common divisor of p and 64.
8
Suppose -3*a + a - 5*y = 31, -95 = 4*a - y. Let b = 41 + a. Calculate the greatest common factor of 45 and b.
9
Let j be 116 - (24/(-60))/(1/(-5)). Calculate the highest common factor of 76 and j.
38
Suppose -4*f = j + 5, -f + 2 + 5 = 3*j. Let d(t) = 3*t**2 + 2*t - 7. Let l be d(j). Calculate the greatest common divisor of 13 and l.
13
Let p(z) = 3*z**2 + 4*z - 7. Let t be p(5). Suppose 5*k - t = 12. What is the greatest common divisor of 50 and k?
10
Let u = -1 + 6. Suppose -u*a + 10*a - 55 = 0. Calculate the highest common factor of a and 88.
11
Suppose 11*k - 3449 = -17. Calculate the greatest common factor of k and 39.
39
Let o be 2/5 - 166/(-10). Suppose -903 = 5*y - 238. Let z = -65 - y. Calculate the highest common factor of o and z.
17
Suppose 0 = 5*s + h - 32, -3*h + 34 = 3*s + 10. Calculate the highest common factor of s and 6.
6
Let g(s) = -s**2 - s + 9. Let n be g(0). Let j = -19 + 37. Calculate the greatest common factor of j and n.
9
Let d(l) = 4*l + 32. Let c be d(-4). Calculate the greatest common divisor of c and 24.
8
Suppose 2*s = -s + 12. Calculate the greatest common factor of s and 44.
4
Let q be (-8)/(-44) - (-84)/22. Suppose 72 = 5*y - o, -q*y - o + 52 = o. What is the greatest common divisor of 21 and y?
7
Let j(m) = -3*m**3 - m**2 + 1. Let r be j(-1). Suppose -r*x = -2*x - 36. Calculate the highest common factor of 4 and x.
4
Suppose 0*v - 113 = -3*v + 2*d, v - 5*d - 55 = 0. What is the greatest common factor of v and 14?
7
Suppose 5*g - 2*q + 12 = -5*q, 2*g = 4*q - 10. Let w(b) = b**2 + 4. Let d be w(g). Suppose 3*t + 325 = 8*t. What is the greatest common factor of t and d?
13
Let p be 60 + ((-9)/3 - -3). Calculate the highest common factor of p and 24.
12
Suppose 0 = 4*g - 6 - 10. Calculate the highest common divisor of 10 and g.
2
Suppose -4*a = 2*g + 3*g - 3, 3*g = -3*a + 3. What is the greatest common factor of 14 and a?
2
Let w be 1*-1 - (-5 - -2). Let t be (0 + 0)/(1 - w). Let h = 30 - t. Calculate the highest common divisor of 10 and h.
10
Suppose -4*o + 3 = 47. Let q = -4 - o. Suppose -70 = 4*l - 6*l. What is the highest common factor of q and l?
7
Let x(i) = i + 4. Let m be x(11). Suppose 3*g = -2*g + m. Let u be -1*3/3*-1. Calculate the highest common factor of g and u.
1
Let i = -38 - -50. Let l = -10 - -14. What is the greatest common factor of i and l?
4
Suppose 42 = m + 4*x, -4*m + 83 = -6*x + 5*x. Let l(g) = 5*g**2 + 12*g + 15. Let b be l(-7). Calculate the greatest common factor of b and m.
22
Let j(k) = 4*k**2 - 3*k - 3*k + 4*k - 1. Let v be j(-1). Let i = 78 - 43. Calculate the greatest common factor of v and i.
5
Suppose -12 = -4*y, 2*x + 57 = 4*x + 5*y. What is the greatest common divisor of x and 63?
21
Let h(z) = -z**2 - 15*z - 4. Let k be h(-11). Suppose 3*u - 25 = 5. Calculate the greatest common factor of k and u.
10
Suppose -2*g + x + 10 + 6 = 0, 0 = -4*x + 8. Suppose -4*n + g*n - 20 = 0. What is the highest common factor of 20 and n?
4
Let a = -78 + 98. What is the greatest common divisor of a and 220?
20
Let v(d) = d**2 - 6*d + 2. Let f be v(6). Calculate the greatest common factor of 18 and f.
2
Let v = -43 - -86. What is the greatest common factor of 86 and v?
43
Let i = -18 - -49. Suppose u + 2*r = 4, -4*u = -0*u + 3*r - i. Calculate the highest common factor of u and 110.
10
Let w = 44 + -4. Calculate the greatest common factor of 10 and w.
10
Suppose 49 + 87 = 4*o. Calculate the greatest common divisor of o and 34.
34
Let z(o) = -o - 11. Let q be z(-20). Let y(k) = -k**3 - 6*k**2 - 7*k - 1. Let m be y(-5). What is the greatest common divisor of m and q?
9
Let j be (-6)/(4*(-9)/(-336)*-2). What is the highest common divisor of j and 4?
4
Suppose 6*h - 5*h - 56 = 0. Let o = 34 - 20. What is the highest common divisor of o and h?
14
Let t = 14 + -12.